4?
30
What is the remainder when 5164 is divided by 4536?
628
Calculate the remainder when 395 is divided by 149.
97
What is the remainder when 19717 is divided by 111?
70
Calculate the remainder when 99754 is divided by 172.
166
Calculate the remainder when 9106 is divided by 171.
43
What is the remainder when 92279 is divided by 20?
19
What is the remainder when 257341 is divided by 153?
148
Calculate the remainder when 9332 is divided by 183.
182
Calculate the remainder when 261274 is divided by 65308.
42
Calculate the remainder when 57565 is divided by 6396.
1
What is the remainder when 6292 is divided by 12?
4
What is the remainder when 19222 is divided by 410?
362
What is the remainder when 356283 is divided by 238?
235
Calculate the remainder when 83758 is divided by 5982.
10
Calculate the remainder when 11318 is divided by 3771.
5
Calculate the remainder when 30469 is divided by 398.
221
Calculate the remainder when 874 is divided by 860.
14
Calculate the remainder when 102561 is divided by 346.
145
Calculate the remainder when 5445 is divided by 414.
63
Calculate the remainder when 4699431 is divided by 1699.
1696
Calculate the remainder when 32030 is divided by 1998.
62
Calculate the remainder when 143918 is divided by 1240.
78
What is the remainder when 186499 is divided by 1492?
1491
Calculate the remainder when 257454 is divided by 25.
4
What is the remainder when 2841 is divided by 129?
3
What is the remainder when 4900 is divided by 979?
5
Calculate the remainder when 1450 is divided by 98.
78
Calculate the remainder when 4427 is divided by 2183.
61
Calculate the remainder when 8773 is divided by 203.
44
What is the remainder when 29466 is divided by 4195?
101
Calculate the remainder when 80383 is divided by 345.
343
What is the remainder when 21902 is divided by 149?
148
Calculate the remainder when 164045 is divided by 21.
14
What is the remainder when 5811 is divided by 294?
225
What is the remainder when 2418 is divided by 1855?
563
Calculate the remainder when 2807 is divided by 76.
71
Calculate the remainder when 150966 is divided by 167.
165
Calculate the remainder when 217337 is divided by 131.
8
What is the remainder when 1671 is divided by 1091?
580
Calculate the remainder when 379597 is divided by 70.
57
What is the remainder when 93854 is divided by 583?
574
Calculate the remainder when 9931 is divided by 20.
11
Calculate the remainder when 46139 is divided by 375.
14
What is the remainder when 114632 is divided by 26?
24
Calculate the remainder when 3000 is divided by 2789.
211
What is the remainder when 678 is divided by 73?
21
Calculate the remainder when 102990 is divided by 500.
490
What is the remainder when 144 is divided by 43?
15
Calculate the remainder when 5563 is divided by 242.
239
Calculate the remainder when 358833 is divided by 59.
54
Calculate the remainder when 6095 is divided by 879.
821
What is the remainder when 31039 is divided by 182?
99
Calculate the remainder when 22993 is divided by 29.
25
What is the remainder when 6715 is divided by 2147?
274
What is the remainder when 9121308 is divided by 1111?
1109
Calculate the remainder when 13322 is divided by 145.
127
What is the remainder when 2521 is divided by 428?
381
What is the remainder when 2410595 is divided by 20?
15
Calculate the remainder when 422031 is divided by 147.
141
What is the remainder when 7057 is divided by 98?
1
Calculate the remainder when 6877 is divided by 209.
189
Calculate the remainder when 39416 is divided by 73.
69
Calculate the remainder when 9854 is divided by 66.
20
Calculate the remainder when 22745 is divided by 399.
2
Calculate the remainder when 76639 is divided by 782.
3
Calculate the remainder when 772734 is divided by 199.
17
Calculate the remainder when 77242 is divided by 1643.
21
Calculate the remainder when 107099 is divided by 51.
50
Calculate the remainder when 3587 is divided by 299.
298
What is the remainder when 562 is divided by 61?
13
Calculate the remainder when 123117 is divided by 30774.
21
Calculate the remainder when 4009 is divided by 1905.
199
What is the remainder when 320187 is divided by 11?
10
Calculate the remainder when 29705 is divided by 61.
59
Calculate the remainder when 68676 is divided by 94.
56
What is the remainder when 34871 is divided by 185?
91
Calculate the remainder when 67404 is divided by 33694.
16
What is the remainder when 13100 is divided by 48?
44
What is the remainder when 9919 is divided by 3302?
13
What is the remainder when 206424 is divided by 23?
22
Calculate the remainder when 3062804 is divided by 927.
923
Calculate the remainder when 7319755 is divided by 34.
31
What is the remainder when 55994 is divided by 153?
149
What is the remainder when 2546 is divided by 633?
14
What is the remainder when 10199 is divided by 10195?
4
Calculate the remainder when 12271 is divided by 648.
607
What is the remainder when 228 is divided by 80?
68
Calculate the remainder when 7287 is divided by 300.
87
Calculate the remainder when 4663007 is divided by 514.
513
What is the remainder when 52840 is divided by 29?
2
What is the remainder when 14685 is divided by 459?
456
Calculate the remainder when 1767 is divided by 1744.
23
What is the remainder when 10440 is divided by 5135?
170
What is the remainder when 19549 is divided by 219?
58
What is the remainder when 1773 is divided by 431?
49
What is the remainder when 3390 is divided by 169?
10
What is the remainder when 2271 is divided by 176?
159
Calculate the remainder when 13729 is divided by 1715.
9
Calculate the remainder when 29466 is divided by 54.
36
What is the remainder when 18998 is divided by 3141?
152
Calculate the remainder when 9427 is divided by 417.
253
Calculate the remainder when 4343 is divided by 2167.
9
What is the remainder when 213636 is divided by 1207?
1204
Calculate the remainder when 12676 is divided by 42.
34
What is the remainder when 4064 is divided by 107?
105
Calculate the remainder when 16096 is divided by 732.
724
Calculate the remainder when 494828 is divided by 123.
122
Calculate the remainder when 1333446 is divided by 92.
90
What is the remainder when 995043 is divided by 331679?
6
Calculate the remainder when 2047 is divided by 408.
7
What is the remainder when 114722 is divided by 1616?
1602
What is the remainder when 547 is divided by 70?
57
Calculate the remainder when 737284 is divided by 76.
8
Calculate the remainder when 85368 is divided by 368.
360
What is the remainder when 6503 is divided by 6461?
42
What is the remainder when 40653 is divided by 20203?
247
Calculate the remainder when 8528 is divided by 1060.
48
What is the remainder when 8037899 is divided by 540?
539
Calculate the remainder when 376343 is divided by 125441.
20
What is the remainder when 10955 is divided by 337?
171
What is the remainder when 618393 is divided by 367?
365
What is the remainder when 9132 is divided by 247?
240
What is the remainder when 2880 is divided by 322?
304
Calculate the remainder when 23756 is divided by 720.
716
What is the remainder when 67170 is divided by 17?
3
Calculate the remainder when 2003682 is divided by 15.
12
What is the remainder when 23724 is divided by 3376?
92
Calculate the remainder when 1070998 is divided by 150.
148
What is the remainder when 1555 is divided by 720?
115
Calculate the remainder when 8314 is divided by 321.
289
Calculate the remainder when 14283 is divided by 941.
168
What is the remainder when 63092 is divided by 62951?
141
What is the remainder when 7068 is divided by 55?
28
Calculate the remainder when 69306 is divided by 27.
24
Calculate the remainder when 3273 is divided by 289.
94
Calculate the remainder when 108747 is divided by 5721.
48
Calculate the remainder when 14176 is divided by 7082.
12
What is the remainder when 54030 is divided by 42?
18
What is the remainder when 60796 is divided by 8?
4
Calculate the remainder when 8152 is divided by 33.
1
What is the remainder when 657622 is divided by 131523?
7
What is the remainder when 170 is divided by 1?
0
Calculate the remainder when 2429 is divided by 81.
80
What is the remainder when 293135 is divided by 423?
419
Calculate the remainder when 2805 is divided by 61.
60
What is the remain